14)). Let t(o) = b*z(o) - 7*r(o). Is t(-11) composite?
False
Let z be (-127)/4 + 13/(-52). Let f be z/(-6)*6/4. Suppose f*y - 2*y - 4134 = 0. Is y composite?
True
Suppose 12 = -4*g + 10*g. Let o(m) = 101*m**3 + m**2 + m + 4. Is o(g) prime?
False
Let f(t) = -8*t**2 - 49*t - 9. Let c(u) = -8*u**2 - 46*u - 5. Let k(z) = -7*c(z) + 6*f(z). Let w be 58/(-4) + (-1)/2. Is k(w) prime?
True
Let x(o) = -o**2 - 7*o + 1. Let v be x(-6). Suppose -3*j - 22516 = -v*j. Is j a prime number?
False
Let u be ((-9531)/18)/(2/(-4)). Let v = -1785 + u. Let j = -395 - v. Is j composite?
False
Let b = -292764 - -420533. Is b prime?
False
Suppose 6*y - 931672 = 300028 + 280306. Is y a prime number?
True
Let l be (61515/(-4))/(6 - 138/24). Let n = -32188 - l. Is n a composite number?
False
Is (1844922/(-21) + 126/294)*-1 a composite number?
False
Let i = 568154 - 252021. Is i prime?
True
Suppose 35 = -11*o + 18*o. Suppose -o*q = 20, 0 = 2*i + 5*q - 779 - 159. Is i composite?
False
Let m(u) = 924*u**2 + 8*u - 21. Let q be m(8). Suppose 8*t = -379 + q. Suppose 2*l + l + 4428 = 3*s, -5*s = l - t. Is s a composite number?
False
Suppose 4*j - 12 = -4*d, 3*d = -5*j - 6 + 23. Suppose 0 = j*v - 4*u - 21740, 14*v = 9*v + u + 27175. Is v a composite number?
True
Suppose 0 = -0*p + 3*p + 81. Let y = p + 29. Suppose -o + 6*w = y*w - 489, 3*o = 3*w + 1422. Is o a prime number?
False
Suppose 71*l - 329500 - 146271 = 0. Is l prime?
True
Is -15*((-5701)/5)/(51/85) a prime number?
False
Let z(t) be the third derivative of t**8/3360 + 13*t**6/720 - 23*t**5/60 - 21*t**2. Let q(m) be the third derivative of z(m). Is q(7) composite?
False
Let k(x) = -x - 4. Let s be k(-7). Suppose 4*q - b = -5*b + 6300, -s*q + 4*b = -4760. Suppose -16*n + q = -12*n. Is n a composite number?
True
Let b be (-4596)/54 + (-2)/(-18). Let w = b - -85. Suppose 5*s - 6*s + 419 = w. Is s a composite number?
False
Suppose k - 30 = 6*k. Let z be ((-39)/k)/((-6)/(-24)). Suppose 0 = 23*r - z*r + 2667. Is r a prime number?
False
Let x(q) = 24*q + 17. Let a be x(8). Let s = a + 303. Let y = s + 519. Is y prime?
True
Let s(z) = -3*z + 37. Let a be s(16). Let m(i) = 3*i**2 + 11*i + 12. Let q be m(a). Let x = 593 - q. Is x a prime number?
False
Suppose 3*f = -8 - 7, -w - 2*f + 174 = 0. Let z be (-2 - 112/(-20))/(6/(-195)). Let x = w + z. Is x a prime number?
True
Let g = 10606 - 5319. Suppose -s - 1310 = -g. Is s prime?
False
Let x = -539 + 133. Let z = 6823 - x. Is z composite?
False
Let v(l) = -l**3 - 4*l**2 - 11*l + 5. Let i(d) = d**2 + 8*d + 10. Let s be i(-4). Is v(s) prime?
False
Suppose 51512 = -94*w + 98*w. Suppose -8*m = -6*m, 2*p - w = m. Is p a prime number?
False
Let d(t) = t**2 + 8*t - 209. Let u be d(-19). Suppose 0*p + 3*p - 2271 = u. Is p composite?
False
Let l = 45 + -41. Suppose 0 = l*g + 687 + 389. Let r = 392 + g. Is r a composite number?
True
Suppose 5*c = -5*q + 1093935, 4*c = -5*q - 302462 + 1177606. Is c a composite number?
True
Let u = 2438943 - 662524. Is u a composite number?
False
Suppose 3*c - 5*c + m + 38222 = 0, 3*c - 5*m = 57333. Is c composite?
True
Let y(j) = 801*j + 3193. Is y(102) composite?
True
Let u(o) = 3290*o - 277. Is u(36) prime?
True
Let a(j) = j**3 + 12*j**2 + 12*j + 9. Let w be a(-11). Let k(b) = b + 6. Let p be k(w). Is -1*356*(4 + (-18)/p) prime?
False
Suppose -13850500 = -118*x + 8009512 + 1348110. Is x a prime number?
False
Let n(d) = 29321*d - 2465. Is n(8) prime?
True
Let f = 230 - 37. Suppose 5*g = -h + f + 250, h + 447 = 5*g. Is g a prime number?
True
Let j = 1791 + -3724. Let o = j + 4110. Is o a prime number?
False
Let k be (-21)/(-6) - 4*4/32. Suppose 2*p + r + 2 + 2 = 0, -7 = p + k*r. Is (-3 - 0) + (p - (-1 - 650)) a composite number?
False
Let g(t) = -t**2 - 15*t + 23. Let n be g(-16). Suppose 3*z - 20 = n*z. Is 24927/105 - (-2)/z a composite number?
True
Let v be (-84)/(-39) - 16/104. Suppose -s - v = -2*z, -4*s - 4*z = -22 - 30. Suppose 4*x - s = -0*x, -x = -3*m + 487. Is m a prime number?
True
Suppose z + 3*i - 7*i + 6 = 0, z = i. Suppose -z*x + 1269 = -891. Suppose 3*d - 1266 = -o + 1972, d = -o + x. Is d prime?
False
Let u(q) = -q**2 - q + 1. Let c(j) = -8*j - 1 + 10*j + 3*j + 37*j**2 - 2. Let g(f) = c(f) + 4*u(f). Is g(-3) a prime number?
False
Suppose -27*o = -o - 3*o. Suppose -2*y = y - 2127. Suppose -48*v + 47*v + y = o. Is v a prime number?
True
Let h be (-7)/(196/(-120))*(-4 - -375). Let f = 2263 - h. Is f a composite number?
False
Let k(d) = d**3 + 19*d**2 + 21*d - 2. Let u be k(-18). Let h = -56 - u. Suppose h = 5*j - 1175 - 920. Is j composite?
False
Suppose 655*t + 5007682 + 1565331 = 714*t. Is t a prime number?
False
Suppose -5*z = -8162 - 13258. Let p(q) = 130*q**2 - 2*q + z*q**2 + 2288*q**2 - 3 + 102*q**2. Is p(-1) composite?
False
Let y(r) = -37062*r + 11135. Is y(-66) composite?
False
Let o(k) = -49*k + 4. Suppose 56 = 5*c + 26. Let j be (c/(-7))/(4/28). Is o(j) prime?
False
Let w be (-4)/(-4) - (-6)/(4/(-2)). Let s(g) = -307*g**3 - g**2 - 4*g - 7. Is s(w) prime?
False
Suppose 3*r + m = 1356389, -2*r - m = 277283 - 1181541. Is r prime?
True
Let y(j) = -1473*j + 824. Is y(-11) prime?
True
Suppose 5*v + 4*t = 145891, v - 19*t - 29178 = -20*t. Is v a prime number?
True
Suppose u + 12 - 20 = 0. Let y be 470 - 2/2*1. Suppose -g - y = -u*g. Is g a prime number?
True
Suppose 2 - 6 = -g. Suppose -16989 = -5*k - g*a, -3993 - 6194 = -3*k + 4*a. Is k a prime number?
False
Let u(b) = 18*b + 81. Let y be u(-5). Let z(j) = 3*j**2 + 23*j - 14. Is z(y) a composite number?
True
Let w(g) be the second derivative of -9*g**5/20 - g**4/2 - 5*g**3/3 - 3*g**2 - 2*g - 24. Let u be -6 + 0 + 0 + 1. Is w(u) composite?
False
Suppose 44*a - 32 = 12. Is (543715/(-148))/(a/(-4)) composite?
True
Let s be (-11)/132 - (-25)/12. Suppose 2*v + s*j - 1844 = 0, 0*v - 1832 = -2*v + 2*j. Is v a composite number?
False
Suppose -5*l = -0*x - x - 21, -4*l = -20. Suppose 17 = 4*b + u, -4*u + 9 = -5*b + x. Suppose 449 = -b*v + 4*v. Is v a prime number?
True
Let h(o) = o**2 + 8*o + 17. Let c be h(-7). Suppose c*b - 60 = 5*b. Suppose -8*p + b*p - 13972 = 0. Is p prime?
False
Suppose 29*s + w + 40236 = 33*s, 5*s = -2*w + 50321. Is s a composite number?
False
Let z = 499209 - 196526. Is z a composite number?
True
Suppose 0 = -2*w - 86 + 74. Let i(b) = -174*b + 79. Is i(w) a composite number?
False
Suppose 0 = -g + 40*g - 14*g - 3596675. Is g a prime number?
False
Let n be 4 + 3 + (-16)/4. Suppose 0*z + 6 = n*z. Suppose 75 + 99 = z*u. Is u composite?
True
Suppose 9*b + 14943 = 12442 + 72278. Is b a prime number?
True
Let h = 2376 - 1557. Suppose 10*n + h = 4229. Is n composite?
True
Suppose 0 = -3*g - a + 2261023, -2*g + 2*a + 847484 = -659886. Is g prime?
True
Let r be 14/(-21) + 625/(-3). Let t(g) = -19*g**2 - 2*g - 10. Let c be t(-2). Let k = c - r. Is k a prime number?
True
Is 167583*(0 - -1) - (-8)/1 composite?
True
Let s(m) = 2*m**2 + 4*m + 9. Let d be 2/(5 + -1)*24. Suppose -d*i + 13 = -13*i. Is s(i) prime?
False
Suppose -219 = 31*v + 29. Is (-798)/(-76)*v/(-6) composite?
True
Let g be (-9)/18*0/3. Suppose 0 = z - 2*p - g*p - 426, -446 = -z - 3*p. Is -3 - z/(-1)*1 prime?
True
Is 61178 + 7 + 12/12 prime?
False
Let h(j) = -27*j**3 + j**2 + 6*j - 22. Let l be h(-6). Suppose -y = 2*o + 2321, y - l = 5*o + 2*y. Let v = o - -5650. Is v a composite number?
True
Let p(k) = -9598*k**3 - 14*k**2 - 15*k - 1. Is p(-1) a composite number?
True
Let m = 39 + -45. Let f be 41304/27 + m/(-27). Let x = 3043 - f. Is x prime?
False
Let g = 69777 - -98794. Is g a composite number?
True
Let h(x) = -10*x + 130. Let m be h(13). Suppose m = 4*d - 16, 3*f - 10402 = -3*d + 1991. Is f a composite number?
False
Let m(w) = 2305*w - 121. Let h be m(12). Suppose 0 = -15*q + h + 13291. Is q prime?
False
Let l(c) = 66*c**2 + c + 49. Is l(8) a prime number?
False
Suppose 8*u - 57 = 31. Let i be u*((-6)/3)/(2/53). Let m = 890 + i. Is m composite?
False
Suppose 219*o - 2156812 = 56*o + 2406699. Is o a prime number?
True
Let b = -85279 - -200976. Is b a prime number?
False
Let c = 896 + -891. Suppose -6*k + 2*k - 7115 = -5*u, 0 = 2*u - c*k - 2846. Is u prime?
True
Suppose -42*d - 45*d - 1058757 = -13373694. Is d a prime number?
True
Suppose 0 = 56*g - 184*g + 32086144. Is g a prime number?
True
Let y(z) = 9*z + 6. Let c be